rime?
True
Is 525432363 a prime number?
False
Is 3349413827 prime?
True
Is 2196076277 prime?
True
Is 8573504567 a composite number?
False
Is 890860871 composite?
False
Is 23834914221 prime?
False
Is 327417151 composite?
False
Is 12988866343 a prime number?
False
Is 824198527 prime?
True
Is 1253198593 prime?
False
Is 3447447923 prime?
True
Is 2618048011 a prime number?
False
Is 1386030949 a prime number?
True
Is 1206768203 composite?
False
Is 66698743 composite?
False
Is 202050784271 prime?
False
Is 310833739 a composite number?
True
Is 6193153661 a composite number?
True
Is 984057229 prime?
True
Is 501161663 a prime number?
True
Is 19206215867 composite?
True
Is 44202919 composite?
False
Is 2006953771 composite?
False
Is 1573922321 prime?
False
Is 11718533717 prime?
False
Is 5952699191 a prime number?
False
Is 1403494003 composite?
False
Is 150472979 a composite number?
False
Is 1478439577 composite?
True
Is 4514250523 a composite number?
True
Is 8494276499 a prime number?
True
Is 432630398033 a prime number?
True
Is 2652846451 a composite number?
True
Is 3493205627 composite?
False
Is 2196094811 composite?
False
Is 8221872199 a composite number?
False
Is 5495094617 prime?
False
Is 447138047 a prime number?
False
Is 5248976371 composite?
True
Is 262515529 composite?
True
Is 12612024937 a composite number?
False
Is 728188529 a composite number?
True
Is 3598387207 a prime number?
False
Is 298808530445 a prime number?
False
Is 802312471 a composite number?
True
Is 3952987867 composite?
True
Is 5259395591 a composite number?
True
Is 9672752163 a composite number?
True
Is 1424562635 prime?
False
Is 1215307383 composite?
True
Is 22234739 composite?
False
Is 1975389629 a prime number?
True
Is 14890169699 composite?
True
Is 221752351 composite?
False
Is 11967695723 prime?
False
Is 11115231409 prime?
True
Is 181708537 prime?
True
Is 9407748173 a prime number?
False
Is 616505479 a composite number?
True
Is 2762305391 prime?
True
Is 24143295769 a prime number?
False
Is 7772103773 prime?
False
Is 354387937 composite?
True
Is 63277798723 a prime number?
True
Is 7789124711 composite?
False
Is 87884592639 composite?
True
Is 5390044903 a composite number?
True
Is 96631243 prime?
False
Is 44519539 a composite number?
False
Is 48878483417 composite?
True
Is 1874923613 prime?
True
Is 17932374073 composite?
False
Is 23918110129 composite?
False
Is 48575282593 composite?
True
Is 43887508579 composite?
False
Is 92187486613 prime?
True
Is 1280679571 composite?
False
Is 3061923281 a prime number?
False
Is 13317064297 a composite number?
False
Is 14519257457 a composite number?
False
Is 6528980243 composite?
True
Is 4173734129 a composite number?
False
Is 37617130073 composite?
True
Is 3098296661 composite?
True
Is 4620214843 prime?
False
Is 1056249679 a composite number?
True
Is 5033251063 prime?
False
Is 387293903 composite?
False
Is 183940619 composite?
False
Is 5039368781 a prime number?
True
Is 20295402769 a prime number?
False
Is 700731557 composite?
True
Is 8385725507 a prime number?
False
Is 1147710299 prime?
True
Is 1266252499 prime?
True
Is 61656227 a prime number?
False
Is 108632898851 prime?
True
Is 970292563 prime?
True
Is 216853261 prime?
False
Is 9930734057 a composite number?
True
Is 670383431 prime?
False
Is 1258244251 prime?
False
Is 75883346797 prime?
True
Is 899978971 a prime number?
True
Is 138355003 prime?
True
Is 118227859 composite?
False
Is 1560040439 composite?
True
Is 19296430421 a prime number?
True
Is 11879010977 prime?
True
Is 9946113911 a composite number?
False
Is 10556546153 a prime number?
True
Is 52047784187 composite?
True
Is 79432889 composite?
True
Is 255456719 composite?
True
Is 59659385 composite?
True
Is 35657587 prime?
False
Is 1423138909 a composite number?
False
Is 376037663 prime?
False
Is 35669340799 a composite number?
False
Is 7580025727 composite?
False
Is 587558911 prime?
True
Is 496237983639 a composite number?
True
Is 5953509845 composite?
True
Is 8936415955 a prime number?
False
Is 49264623923 prime?
True
Is 1162649437 a composite number?
True
Is 3130851431 prime?
True
Is 11095893397 composite?
False
Is 6475383001 prime?
False
Is 244227071 a prime number?
False
Is 284883783 prime?
False
Is 473398061 a prime number?
True
Is 9382950293 prime?
False
Is 12920140177 a composite number?
True
Is 9372186113 a composite number?
False
Is 5542562659 composite?
True
Is 166586683 a prime number?
True
Is 3904847131 prime?
True
Is 812300297 prime?
True
Is 22202828447 a composite number?
False
Is 522895991 prime?
False
Is 135814073 composite?
True
Is 4632670961 prime?
False
Is 7758532121 a prime number?
True
Is 95509613 prime?
False
Is 5051443067 a prime number?
False
Is 1033350793 a composite number?
True
Is 240231863 a prime number?
True
Is 41280184507 composite?
False
Is 497449859 prime?
True
Is 1020033758 a composite number?
True
Is 4642903769 prime?
False
Is 28576589273 a prime number?
True
Is 57445783 a prime number?
False
Is 400626287 a prime number?
True
Is 23834300029 a prime number?
True
Is 2375398541 a composite number?
True
Is 1625184151 prime?
True
Is 32475921239 a composite number?
True
Is 17970776437 prime?
True
Is 3430196921 a prime number?
True
Is 7535093133 composite?
True
Is 1463922539 a prime number?
True
Is 97182160979 composite?
True
Is 16748788627 composite?
True
Is 543807479 a prime number?
True
Is 12939035611 composite?
False
Is 8267491577 composite?
False
Is 2772926113 composite?
True
Is 126083471 prime?
True
Is 32226046943 a prime number?
True
Is 15751429349 a prime number?
True
Is 432355907 a composite number?
True
Is 1642362819 a composite number?
True
Is 20117917 prime?
True
Is 11290614649 composite?
False
Is 123642359 prime?
True
Is 75146111 prime?
True
Is 3076469371 a prime number?
False
Is 356984647 a composite number?
True
Is 14274840331 composite?
False
Is 2623705127 prime?
True
Is 1427778119 a composite number?
False
Is 13848649943 a composite number?
False
Is 503266987 composite?
False
Is 1710502559 a composite number?
True
Is 1808264431 a prime number?
True
Is 5307772451 prime?
True
Is 47458112893 prime?
False
Is 40291235921 a composite number?
True
Is 614008007 prime?
False
Is 117983729 composite?
True
Is 75949609 prime?
True
Is 209419265791 a prime number?
False
Is 4743160829 composite?
True
Is 93323514601 prime?
True
Is 10622924033 prime?
False
Is 43035638677 prime?
True
Is 413680997 a prime number?
True
Is 63301610461 a composite number?
True
Is 16560017729 composite?
True
Is 7974585761 composite?
False
Is 1245960377 prime?
True
Is 737153341 a composite number?
True
Is 137873501 composite?
True
Is 749459797 prime?
True
Is 460169795 a composite number?
True
Is 901891009 a composite number?
True
Is 221022749 composite?
True
Is 28454557 a prime number?
True
Is 2813479799 composite?
True
Is 41705033 a composite number?
True
Is 455999393 a prime number?
False
Is 2523144731 prime?
False
Is 16691069117 a composite number?
False
Is 16466953211 a composite number?
False
Is 3992735819 a prime number?
False
Is 722873483 prime?
True
Is 597143 prime?
False
Is 4791131921 a composite number?
False
Is 35680906811 prime?
False
Is 466078010105 a prime number?
False
Is 1763615759 a composite number?
False
Is 747395549 composite?
True
Is 1343422009 composite?
True
Is 19123444261 a prime number?
True
Is 1077004099 composite?
True
Is 765738013 a composite number?
True
Is 49195264009 a composite number?
False
Is 11576857343 composite?
False
Is 547117691 composite?
False
Is 3923902121 a prime number?
True
Is 172130477 composite?
True
Is 5345141735 a prime number?
False
Is 11342965213 a prime number?
False
Is 1212856615 composite?
True
Is 5479899577 a composite number?
False
Is 16760765785 a composite number?
True
Is 3154488823 prime?
True
Is 51523151242 a composite number?
True
Is 11924529017 a composite number?
True
Is 149919117683 a composite number?
True
Is 51435466603 prime?
True
Is 2172547987 composite?
False
Is 2867207617 composite?
False
Is 3984030001 a composite number?
True
Is 89046100879 a composite number?
True
Is 273274451 prime?
True
Is 3677662237 prime?
False
Is 1042135013 a composite number?
False
Is 107245479943 a prime number?
False
Is 8227879141 a prime number?
True
Is 21521609 a prime numbe